atest common divisor of 7882 and 98.
14
What is the highest common divisor of 217 and 13577690?
217
Calculate the highest common factor of 315 and 885.
15
Calculate the highest common divisor of 2587781 and 133.
133
What is the greatest common factor of 7783 and 172?
43
Calculate the highest common divisor of 1192080 and 80.
80
What is the greatest common factor of 1653 and 609?
87
What is the greatest common factor of 514 and 43433?
257
Calculate the highest common factor of 936 and 67509.
117
What is the highest common factor of 1688 and 22366?
422
What is the greatest common divisor of 421006 and 1086?
362
Calculate the greatest common factor of 33572 and 231.
77
Calculate the highest common factor of 342616 and 6328.
904
What is the highest common divisor of 32759 and 328?
41
Calculate the highest common divisor of 10647 and 1911.
273
Calculate the greatest common divisor of 1012661 and 26.
13
What is the greatest common divisor of 899 and 2117?
29
What is the highest common divisor of 302861 and 39?
13
Calculate the greatest common factor of 207794 and 642.
214
What is the highest common divisor of 788 and 1132?
4
Calculate the greatest common divisor of 5508 and 21556.
68
Calculate the greatest common factor of 7328 and 114271.
229
What is the greatest common divisor of 3006 and 207?
9
What is the highest common divisor of 1 and 26347?
1
What is the highest common divisor of 74347 and 59813?
559
What is the greatest common divisor of 282 and 283128?
282
Calculate the highest common factor of 898119 and 1314.
657
What is the greatest common factor of 216 and 65064?
24
Calculate the greatest common divisor of 85456 and 33136.
1744
Calculate the highest common factor of 347470 and 470.
10
What is the greatest common divisor of 658 and 29234?
94
Calculate the greatest common divisor of 2193 and 9417.
129
Calculate the greatest common factor of 1785964 and 12.
4
Calculate the highest common factor of 35 and 169120.
35
What is the highest common divisor of 7943 and 13?
13
Calculate the greatest common divisor of 75 and 279475.
25
Calculate the greatest common divisor of 287792 and 304.
16
Calculate the greatest common factor of 141 and 1081.
47
What is the highest common divisor of 698832 and 844?
844
What is the greatest common divisor of 492 and 518322?
246
Calculate the highest common divisor of 1092562 and 118.
118
Calculate the greatest common divisor of 948103 and 143.
13
What is the greatest common divisor of 91764 and 549?
9
What is the greatest common factor of 26 and 50284?
26
What is the greatest common divisor of 2694 and 66?
6
Calculate the greatest common factor of 27 and 48492.
27
What is the highest common divisor of 24 and 933726?
6
Calculate the highest common divisor of 294176 and 16.
16
What is the highest common factor of 91029 and 114?
57
What is the highest common factor of 146 and 1136391?
73
What is the highest common factor of 1660 and 28840?
20
What is the highest common divisor of 217903 and 4949?
49
What is the highest common factor of 4934 and 44?
2
What is the highest common factor of 1120 and 18970?
70
Calculate the highest common factor of 8668 and 3696.
44
Calculate the greatest common factor of 183202 and 556.
278
What is the greatest common factor of 301 and 52073?
301
What is the highest common factor of 11286 and 528?
66
What is the highest common factor of 30 and 535170?
30
Calculate the highest common factor of 635 and 845.
5
Calculate the greatest common divisor of 9288 and 4248.
72
What is the greatest common factor of 5022 and 1798?
62
What is the greatest common divisor of 18 and 13707?
9
Calculate the highest common factor of 342066 and 5358.
282
What is the greatest common factor of 824 and 35880?
8
What is the highest common factor of 74 and 42624?
74
Calculate the highest common divisor of 80850 and 700.
350
What is the highest common divisor of 4165 and 26520?
85
What is the greatest common divisor of 546 and 286377?
273
What is the greatest common divisor of 83006 and 726?
242
Calculate the greatest common divisor of 11050 and 136.
34
Calculate the greatest common divisor of 45 and 285.
15
Calculate the highest common factor of 132 and 992.
4
Calculate the greatest common factor of 84232 and 8.
8
What is the highest common factor of 2586 and 195?
3
Calculate the highest common factor of 284 and 49913.
71
Calculate the highest common divisor of 462 and 2890734.
462
What is the highest common factor of 9986185 and 1705?
1705
Calculate the highest common divisor of 4189 and 3124.
71
Calculate the highest common divisor of 13246942 and 46.
46
What is the greatest common factor of 4000 and 6750?
250
What is the greatest common divisor of 120 and 1803?
3
What is the highest common factor of 23738 and 2860?
286
Calculate the greatest common divisor of 361121 and 1324.
331
Calculate the greatest common divisor of 3395 and 100.
5
What is the greatest common factor of 30418 and 12712?
454
What is the greatest common factor of 5607300 and 1500?
300
Calculate the greatest common divisor of 20119 and 93.
31
What is the highest common factor of 8339 and 21359?
31
What is the greatest common factor of 12032 and 6392?
376
Calculate the greatest common factor of 4344 and 96.
24
What is the highest common divisor of 5453 and 10619?
287
What is the highest common factor of 2198 and 826?
14
What is the greatest common factor of 160 and 3276480?
160
What is the highest common factor of 126 and 5409?
9
Calculate the greatest common factor of 2484 and 108.
108
What is the greatest common factor of 120 and 4605?
15
What is the greatest common factor of 10 and 401770?
10
Calculate the highest common divisor of 843790 and 950.
190
What is the greatest common factor of 24843 and 40222?
1183
Calculate the greatest common factor of 32688 and 441.
9
What is the highest common divisor of 457171 and 1946?
139
What is the greatest common factor of 1121 and 2183?
59
Calculate the greatest common divisor of 448264 and 2863.
409
What is the highest common factor of 424 and 431102?
106
Calculate the greatest common divisor of 46118 and 9.
1
What is the highest common factor of 2405653 and 17?
17
What is the highest common divisor of 30717 and 63?
9
Calculate the greatest common divisor of 1222 and 78.
26
What is the greatest common divisor of 352 and 8217?
11
What is the greatest common divisor of 398580 and 720?
60
Calculate the highest common divisor of 1870 and 8245.
85
Calculate the highest common divisor of 94420 and 120.
20
Calculate the greatest common factor of 42522 and 152.
38
What is the greatest common divisor of 7038 and 1460178?
414
What is the greatest common divisor of 470 and 56306?
94
What is the greatest common divisor of 115 and 326715?
115
Calculate the greatest common factor of 957 and 38367.
87
Calculate the highest common factor of 2639 and 3185.
91
Calculate the highest common factor of 160 and 133180.
20
What is the greatest common divisor of 268 and 7444772?
268
What is the highest common factor of 470349 and 1287?
99
Calculate the highest common factor of 1743 and 47310.
249
Calculate the greatest common factor of 145456 and 48.
16
Calculate the highest common factor of 578 and 8636.
34
Calculate the highest common divisor of 35 and 1853075.
35
What is the greatest common factor of 25 and 1528750?
25
What is the greatest common factor of 8450 and 1250?
50
What is the highest common factor of 6024 and 216?
24
Calculate the highest common factor of 208 and 1196468.
52
Calculate the greatest common factor of 10904 and 17860.
188
What is the greatest common factor of 2277664 and 64?
32
What is the greatest common divisor of 785 and 182277?
157
What is the highest common factor of 12 and 130644?
12
What is the greatest common factor of 205643 and 161?
23
Calculate the greatest common divisor of 973260 and 84.
12
What is the highest common divisor of 1155 and 6888?
21
Calculate the highest common divisor of 402303 and 167.
167
Calculate the greatest common divisor of 5808 and 429.
33
What is the greatest common factor of 4968920 and 2760?
920
What is the greatest common factor of 4654 and 169?
13
What is the greatest common divisor of 711680 and 120?
40
Calculate the highest common factor of 61544 and 15